highest common factor of j and 9.
1
Suppose -5*g + 2897 - 452 = m, 3*m + 2*g = 7348. Let v be 56/(-252) + m/9. Calculate the greatest common divisor of 68 and v.
68
Let m(k) be the second derivative of -18*k - 23/2*k**2 + 1/12*k**4 + 1/3*k**3 + 0. Let u be m(-11). What is the greatest common divisor of 190 and u?
38
Suppose 3*i - 3*f - 39 = 0, -2*f = -3*f - 1. Suppose -3*w = -4*k + k - i, -w - 2*k + 13 = 0. Calculate the greatest common divisor of w and 224.
7
Let q(t) = 2*t**2 - 132*t - 893. Let u be q(-10). Let m be (6 + 0)*(-11)/(-2). What is the highest common divisor of m and u?
33
Let k(c) = 2*c**3 + 21*c**2 + 5*c + 32. Let x(g) = -g**2 - 29*g - 190. Let p be x(-20). Let t be k(p). What is the greatest common factor of 738 and t?
82
Let j = -155 - -5120. What is the greatest common divisor of 45 and j?
15
Let b(c) = -c**2 - 25*c - 144. Let v be b(-21). Let q = -29 - v. Calculate the greatest common divisor of q and 62.
31
Let k(o) = 5*o**2 + 5*o + 40. Let x(u) = -2*u**2 - 2*u - 20. Let v(c) = 3*k(c) + 5*x(c). Let w be v(-4). Calculate the greatest common divisor of w and 40.
40
Let d(x) = x**2 + 13*x + 8. Let m be d(-12). Let f be (-1)/1*-7 - (-4)/m. Let s = 2 + 4. What is the greatest common divisor of f and s?
6
Suppose 4*p - 815 + 39 = -3*d, -d = -p - 268. What is the highest common factor of d and 165?
33
Let w = -13 + 17. Suppose 35*d + 100 = 40*d. Suppose -w*a + 4*g = -d, -2 = -a - g + 3*g. Calculate the highest common factor of a and 12.
4
Let l be (2 - 1)*(479 - 6). Let b = l + -319. What is the highest common divisor of 44 and b?
22
Let l be ((-5)/(-3))/((-3 + 2)/(-12)). Let r(k) = 161*k**2 + 2. Let i be r(-1). Suppose 0 = -2*u + i - 43. Calculate the highest common factor of l and u.
20
Suppose -5*f + 115 = -275*y + 276*y, -f = -y + 139. Let m = 5 - 0. What is the greatest common divisor of y and m?
5
Suppose 16*w + 158569 + 159057 = 78*w. Calculate the greatest common factor of w and 47.
47
Let n(k) = -52*k + 212. Let j be n(4). Let g be (-2)/(152/798 + j/(-14)). Let s be 1 + -3 + -4 + 41. Calculate the highest common factor of s and g.
7
Suppose 4*a + 4*y - 2*y = -600, -3*a + 4*y = 461. Let n = a - -155. What is the highest common factor of 10 and n?
2
Let f(a) = -a**2 + 9*a - 4. Let g be f(8). Let m(o) = 3*o**3 - 51*o**2 - 49*o - 58. Let h be m(18). What is the greatest common factor of g and h?
4
Let y(d) = 33*d**3 + d**2 - 4*d + 4. Let k be y(1). Suppose 0 = -17*n + k*n - 170. Suppose 0 = 4*j - 1 - 439. What is the greatest common factor of j and n?
10
Let h(n) = 4*n. Let s be h(2). Suppose 142*v - 6 = 139*v. Let a(x) = x**3 + x**2 - 7*x + 6. Let z be a(v). Calculate the highest common factor of z and s.
4
Let b be 5 - (-7)/(28/(-18))*-64. Suppose 292*q - b*q = -72. What is the highest common divisor of q and 108?
36
Suppose -5*a - 12 - 8 = -5*j, -3*a - 12 = j. Suppose j = -33*z + 37*z - 1132. Let i = -136 + z. What is the greatest common divisor of i and 21?
21
Let p = -118 + 128. Let x be (1 - -1)/((-4)/126). Let a be 3/(-6) + x/(-6). What is the greatest common factor of a and p?
10
Let d(l) = -4*l**2 - 108*l + 50. Let i be d(-27). Calculate the greatest common divisor of i and 275.
25
Suppose -2*l - x + 15015 = 0, 0*x = -5*l - 7*x + 37515. Calculate the highest common factor of l and 20.
10
Let l(z) be the first derivative of 2*z**3 + 7*z**2/2 + 3*z - 192. Let i be l(-7). Calculate the greatest common divisor of 31 and i.
31
Suppose 7*o - 5 = 6*o. Let j(d) = 4 + 3 + 5 - 6*d - 5*d - d**3 + 7*d**2. Let m be j(o). What is the highest common divisor of 49 and m?
7
Let q be 14 - ((-4)/(-2) - 4). Suppose -q*s + 1588 + 172 = 0. Calculate the highest common divisor of 44 and s.
22
Suppose -9*o + 24*o = -12*o + 2565. What is the greatest common divisor of o and 513?
19
Let f(t) = t**2 + t + 1. Let c be f(-5). Let j = 82 + -5. Calculate the highest common divisor of j and c.
7
Let i(u) = -2*u**2 - 60*u - 182. Let c be i(-14). What is the greatest common divisor of 56 and c?
14
Suppose -3*m = -12 - 51. Suppose -4*z - 32 = -w, -w + 0*z = 4*z - 24. Let j = w - m. What is the greatest common factor of j and 28?
7
Suppose 4*b - 71 - 303 - 58 = 0. What is the highest common factor of b and 243?
27
Let g = -55 + 88. Suppose 99*v - 104*v - 1341 + 3981 = 0. What is the highest common factor of v and g?
33
Let z(r) = -2*r**2 + 54*r - 279. Let o be z(9). Calculate the highest common divisor of 3645 and o.
45
Let u be (1625/875)/(1/21). What is the greatest common factor of 1651 and u?
13
Let m = -1135 + 1205. Suppose u + 2*i + 18 = -3*i, 2*u + 3*i = -1. Let t = u - -3. What is the highest common divisor of t and m?
10
Let z be 6*(13 - -1) - (-5 - -5). Calculate the highest common divisor of z and 2364.
12
Let g = 14899 + -2539. What is the greatest common factor of 48 and g?
24
Let o(m) = 140*m + 38*m - 24*m. Let t be o(2). Suppose -5*n + 3*n + t = 0. Calculate the highest common divisor of 22 and n.
22
Let i(h) = 36*h + 340. Let j be 20 - -5 - (5 - 20/4). Let x be i(j). What is the highest common divisor of 40 and x?
40
Let k(s) = -2*s**3 - 39*s**2 - 22*s + 40. Let u be k(-19). Suppose -29 = -p + u. What is the greatest common factor of p and 42?
42
Let y = -988 - -1079. Calculate the highest common divisor of 203 and y.
7
Let a be (-4)/(-5) - (-30210)/50. Let l = a - 597. Calculate the greatest common factor of l and 12.
4
Let j = -7728 + 22064. What is the greatest common divisor of j and 96?
32
Let i(u) = -2*u**3 + 4*u. Let c be i(0). Let a be (-168)/72*(1 + c - 19). What is the highest common factor of a and 189?
21
Let w = -16281 + 16286. What is the greatest common divisor of w and 12945?
5
Let d = 65 + -63. Suppose -3*w = d - 5. Suppose 3*n - 10 + w = 0. Calculate the greatest common factor of n and 12.
3
Let p = 19926 + -17928. Calculate the greatest common factor of 9 and p.
9
Suppose 4322 = 2*n - i - 1042, 3*i - 5380 = -2*n. What is the greatest common divisor of n and 44?
44
Suppose r + 2*k = 507 + 382, 0 = -5*r + 4*k + 4529. Calculate the greatest common factor of r and 187.
17
Let w = -12559 + 12910. Calculate the highest common factor of w and 432.
27
Let q(k) = k**2 - 4*k - 5. Let g be q(-4). Suppose 0 = 159*h + 46090 - 114778. What is the greatest common divisor of h and g?
27
Let a be 76 - 7/(7/(-4)). Suppose -m = 3*m, -2*w = -5*w + 2*m + 210. Calculate the greatest common factor of w and a.
10
Suppose -2*r = 2*b - 10, 4*b - r - 14 = 11. Suppose b*j - 468 = -6*j. Let s be (38 + 1)*(-1)/(-1). Calculate the greatest common factor of j and s.
39
Let u(d) = d**2 - 19*d - 24. Suppose -4*v = -16*v - 84. Let n be u(v). Suppose n - 178 = -4*j. Calculate the highest common divisor of 1 and j.
1
Let b be (-10 - 2)/((-1)/8). Let o(q) = -2*q**2 + 4 + 3*q**3 - 3*q**3 - 2*q**3. Let l be o(-2). Calculate the greatest common divisor of b and l.
12
Let q = 807 - 501. Let a = q - 240. Calculate the highest common divisor of 110 and a.
22
Suppose -27522 = -310*l - 311*l + 618*l. Calculate the greatest common divisor of l and 66.
66
Let x be (-6)/(-51) - 208/34. Let d be (96/(-14))/(x + (-624)/(-105)). What is the greatest common factor of d and 105?
15
Suppose 23*f + 681 = -607. Let z be (f/7)/(-24) - (-497)/3. Calculate the greatest common divisor of z and 415.
83
Let h(z) = 2*z + z - 4*z + 0*z + 13. Let f be h(11). What is the highest common divisor of 18 and f?
2
Let r be (-4)/40 - 393*(-22)/60. Calculate the greatest common divisor of 630 and r.
18
Suppose 4*m - 84 = 264. Suppose -5*p - 575 = -2*o, 6*p + 1452 = 5*o + 8*p. Suppose 0 = 67*r - 77*r + o. Calculate the highest common factor of r and m.
29
Let x be 2/(2 - (-672)/(-342)). What is the greatest common factor of 1843 and x?
19
Suppose -4*m + 6*m + 77760 = 10*m. Calculate the greatest common factor of m and 600.
120
Let c be 6*(1/1)/1. Let y = 107885 + -107327. What is the greatest common divisor of y and c?
6
Let q be -17 + 15 - (11 - 14). Suppose -2*v - 3*v + 45 = 0. Calculate the highest common divisor of q and v.
1
Suppose -8 = 2*b + 2*b, i + 4*b - 164 = 0. Let x = -145 + i. Let a = 59 + -32. What is the highest common factor of x and a?
27
Let a be 5769 + (9/45 - -3)*(-5)/(-2). Calculate the highest common factor of a and 327.
109
Let r = 3329 - -9134. Calculate the high